 = s, -o - 7 + 9 = 0. Calculate the remainder when s is divided by ((-10)/y)/((-2)/4).
4
Let u = -1837 + 2101. What is the remainder when u is divided by 126?
12
Suppose 2*g = y - 458, 5*y - 4*g + 8*g - 2346 = 0. Calculate the remainder when 946 is divided by y.
14
Suppose -3*z + 54 = 86*o - 91*o, -84 = -3*z - 5*o. What is the remainder when 2619 is divided by z?
20
Suppose 332*a + 43034 = 159898. Calculate the remainder when 1024 is divided by a.
320
Let c be (-90)/(-5)*3/6. Let z(b) = b**3 - 9*b**2 + 6. Let k be z(c). Calculate the remainder when 76 is divided by 2/(k/3) - (-20 - 5).
24
Let c(y) = 110*y + 238. Calculate the remainder when 4260 is divided by c(-2).
12
Suppose 4*v + 56 = 2*a, -3*a + 0*a = 2*v + 28. Let n be 2/7 + 4/v. Suppose -3*t + 45 + 3 = n. Calculate the remainder when t is divided by 3.
1
Let i(o) = 1322*o - 2616. What is the remainder when i(4) is divided by 9?
8
Let b = -4112 + 4606. What is the remainder when b is divided by 24?
14
Calculate the remainder when 1103 is divided by 441 + -435 - (1 - 546)*(1 + 0).
1
Let o(z) = 10*z + 90. Let f(n) = -5*n - 3. Let b be f(1). Suppose -h + 4*i + 43 = 0, 2*h = -h + 5*i + 101. Calculate the remainder when h is divided by o(b).
7
Let t(y) = -7*y - 20. Suppose 3*j + 4*w = -8, 5*w + 8 = j + w. Suppose -2*l + 0*l + 58 = j. What is the remainder when t(-15) is divided by l?
27
Let i = 713 + 317. Calculate the remainder when i is divided by 73.
8
Suppose 4*l = 4*n - 2 - 2, -2*l = -4*n + 8. Suppose 4*h + 9*j - 4*j - 262 = 0, -l*h - 5*j = -136. What is the remainder when h is divided by 32?
31
Let x = -12751 + 13041. What is the remainder when x is divided by 48?
2
Suppose k = -3*k + 180. Let m = 76 - k. What is the remainder when m is divided by 17?
14
Let v be (-3 - 19/(-3)) + 2/3. Suppose 3*l - 2*l - 4*n - 50 = 0, -v*l + 155 = -n. Calculate the remainder when l is divided by 15.
8
Let m = 11986 + -11967. Calculate the remainder when m is divided by (6/(-4))/(15/(-110)).
8
Let a(h) = h**3 - 2. Suppose 0 = 153*v + 28*v - 257744. What is the remainder when v is divided by a(4)?
60
Let u = -14 - -54. Suppose 350 = 5*w + u. Calculate the remainder when w is divided by 17.
11
Let o(a) = -a**3 - 11*a**2 - 4*a + 1. Suppose 5*z + 33 = 8. Let r be o(z). Let g = r + 216. What is the remainder when g is divided by 22?
21
Let y be 3*1 + (-1 - -1). Suppose -15 = -y*h - 2*h. Calculate the remainder when h is divided by 15012/12788 - (-4)/(-23).
0
Let l = 2355 + -2238. Calculate the remainder when l is divided by 8.
5
Suppose 10*x = 7*x + 3*n - 15, -4*x = -2*n + 4. Calculate the remainder when 5180 is divided by x.
2
Let a be (-24)/(-84) - 2628/(-14). Suppose 2*i - r = 86, -2*r + a = 3*i + i. Suppose m - 64 + i = 0. Calculate the remainder when m is divided by 14.
5
Let w = 614 + -237. Suppose 0 = -3*z + 5*h + w, -3*z - 32 + 415 = -2*h. What is the remainder when z is divided by 40?
9
Let k(n) = -n - 2. Let o be k(-5). Let r = -356 - -387. Suppose -106 = -3*h + 2*f - r, -o*f = 0. Calculate the remainder when h is divided by 7.
4
Let x(l) = 3*l**3 + 2*l**2 - l - 1. Let z be x(2). Suppose z*w - 39*w + 510 = 0. What is the remainder when w is divided by 5?
1
Let r(f) = 3*f + 8. Suppose 5*s = -2*h + 18, -18*h + 14*h + 54 = s. Calculate the remainder when r(6) is divided by h.
12
Suppose -2*o + 243 = -w, 3*o - 6*o - w = -377. Suppose 4*c = 4*m + 3*c - 144, 159 = 5*m + 4*c. What is the remainder when o is divided by m?
19
Let q(g) = -2*g - 64. Let d be q(-26). Let o(b) = -17*b + 12. Let h be o(d). Let z = h + -143. What is the remainder when z is divided by 25?
23
Let j(r) = -r**2 + 21*r - 231. Let h(g) = g**2 - 2. Let o(y) = -2*h(y) - j(y). What is the remainder when 307 is divided by o(-26)?
97
Let f(y) be the second derivative of -7*y**3/6 - y**2 - 2*y. Let q = -148 + 144. What is the remainder when f(q) is divided by 7?
5
Suppose -4*x + 74 = 2*u, -5*u = 4*x + 29 - 112. Calculate the remainder when -2 - ((-41080)/221 + 10/(-85)) is divided by x.
14
Suppose 0 = -5*a - 2*k + 117, -2*k - 133 = -5*a - 0*a. Let y(c) = c**3 - 29*c**2 + 100*c + 17. Calculate the remainder when 66 is divided by y(a).
15
Suppose 0*s = -3*s + 87. Suppose -2*w + 12 = z, 4*w - 52 + 8 = 3*z. What is the remainder when s is divided by w?
5
What is the remainder when -47 + 43 - 30/(-7) - (-3846)/14 is divided by 57?
47
Let k(a) = 116*a**2 + 25*a + 261. What is the remainder when k(-6) is divided by 64?
63
Suppose -10*r - 70 = 3*x - 14*r, 5*x = -4*r - 74. Calculate the remainder when 2/2*x*(-1104)/72 is divided by 93.
90
Let d(c) = -2*c**3 + c**2 + 6*c + 2. Suppose u - 30 = -26. Suppose u*s - 50 = 5*k + 69, -k + 63 = 2*s. What is the remainder when d(-4) is divided by s?
29
Let a(z) = 186*z - 16. Let w be a(1). Let n = -158 + w. Calculate the remainder when 55 is divided by n.
7
Let v(n) = -n**3 + 18*n**2 - 13*n - 44. Let f be v(15). Let a = 462 - f. Calculate the remainder when 138 is divided by a.
8
Let m(f) = 2*f**3 - 17*f**2 + 8*f + 52. Let p be m(10). Let a = -62 - -117. What is the remainder when 100 is divided by p/(-33)*-2 + (-10)/a?
22
Let s be (155/(-15))/(((-16)/(-12))/4). Let j = 66 + s. Suppose 22 = 2*n - 5*d, -3 - 1 = -n - d. What is the remainder when j is divided by n?
5
Let v(y) = -70*y - 49. Let p be v(-6). Let c = p - 211. Calculate the remainder when c is divided by 22 - (-2)/(-2) - -2.
22
Let h(k) = k**3 - 42*k**2 + 80*k + 216. Calculate the remainder when h(41) is divided by 900.
15
Let x = -4498 + 9535. Calculate the remainder when x is divided by 63.
60
Let j(n) = -149*n**3 - 3*n**2 + 11*n + 28. What is the remainder when j(-2) is divided by 27?
25
Let s be (399 + 1)*4/10. Suppose -3*j + 7*j = s. What is the remainder when j is divided by 7?
5
Suppose 0 = 69*h - 96*h. Suppose i = 2*l + 29, h = -5*i + 3*i + 2*l + 50. Calculate the remainder when i is divided by 5.
1
Let y = -496 + 504. Suppose 0 = -y*i + 87 + 161. Suppose 2*v - 3 = -d, 5*v = 5*d - d - 51. What is the remainder when i is divided by d?
4
Let y = 29 - 29. Suppose -n + 6*n + 325 = y. Calculate the remainder when 25 is divided by ((-234)/n)/(2/5).
7
Suppose 9*r = 2*r + 21. Suppose -5*o + 4*s = -388, -r*o + o + 160 = -4*s. What is the remainder when o is divided by 26?
24
Suppose 77 = 4*i - 23. Let o = 24 - i. Calculate the remainder when o + 2/(-8)*0 + 48 is divided by 10.
7
Let l = 5 + -5. Suppose -4*a = 3*j - 222, -2*j + 224 = 4*a - l*a. Let s(u) = 3*u - 24. Calculate the remainder when a is divided by s(12).
9
Suppose 13*m = 9*m + i + 356, 0 = -2*m + 3*i + 178. Calculate the remainder when m is divided by (-516)/(-24) + 6/4.
20
Let r = 3199 - 3146. Let k(c) = -31*c - 1. What is the remainder when k(-5) is divided by r?
48
Let t = 0 + 36. Suppose 7 - 2 = h - 2*o, -5*h + 77 = 3*o. Calculate the remainder when t is divided by h.
10
Let o = -3221 + 3233. Suppose 12 = -4*u + 36. What is the remainder when 15 is divided by (4/o)/(u/180)?
5
Suppose -46 = -6*n + 4*n. Let d = -679 - -676. What is the remainder when (d/(-12)*-19)/((-1)/24) is divided by n?
22
Let r(h) = 22*h**2 - 42*h - 24. What is the remainder when 403 is divided by r(3)?
19
Let h = 86 + -83. Suppose -3*w = h - 123. Let d = w - 14. What is the remainder when d is divided by 9?
8
Suppose 5*x - 3*p = -2*p + 15, 3 = x + 4*p. Suppose -x*g - 160 = -5*d, d + 80 = 4*d - 5*g. Calculate the remainder when 276 is divided by d.
31
Suppose -3*q - 4*v = -141, -5*v - 6 = 9. Let y = q + -65. Calculate the remainder when (39 - 4)/((-2)/y) is divided by 41.
40
Let y = -5 + 10. Suppose q = r - 3*q + 490, -3*q = r + 483. Let g = r - -495. Calculate the remainder when g is divided by y.
4
Let u = 35298 + -35118. Calculate the remainder when 574 is divided by u.
34
Let k = 5 + 32. Suppose -4*m + 267 = j + k, 2*j - 420 = 2*m. Suppose 5*w - j = -7*g + 4*g, -4*w + g + 161 = 0. What is the remainder when 120 is divided by w?
38
Let x(d) = -3*d + 15 + d**2 + 7*d - 20*d. Let w be x(15). Suppose 0 = -2*n - 4*m + 18, w = m - 4*m - 9. Calculate the remainder when 58 is divided by n.
13
Suppose -3*d = m - 288, 4*d - 1832 = -9*m + 576. Calculate the remainder when m is divided by (4 - 5)/(2/(-38)).
17
Let g(n) = 3*n**2 + 16*n - 11. Let b be g(-9). Suppose 2*w = 35 + 19. Calculate the remainder when w is divided by 